tor of n and x?
6
Suppose 218*f + 110 = 223*f. What is the highest common factor of 8 and f?
2
Let m be ((-117)/(-4))/(-9)*-4. Let k = -6 + m. What is the greatest common factor of 63 and k?
7
Let s = 70 - -210. Let p = 82 + -42. What is the greatest common factor of s and p?
40
Let w = 14 - -38. What is the highest common divisor of 13 and w?
13
Suppose 26 = 4*p - 3*c - 35, 23 = 2*p + c. What is the greatest common factor of p and 416?
13
Let h(d) = -d**3 + 9*d**2 + 93*d + 15. Let t be h(15). What is the greatest common divisor of t and 450?
30
Let p(w) = -w**3 + 34*w**2 + 110*w + 46. Let i be p(37). What is the greatest common divisor of i and 729?
9
Let x be (-278)/8 - 4 - 3/12. Let t = x + 60. Calculate the greatest common factor of 168 and t.
21
Let w be ((-6)/(-9))/(10/(-435)). Let f = w - -35. Suppose 0 = 2*p - f - 10. What is the highest common factor of 8 and p?
8
Let y be (-273)/(-4) - 20/80. Let x = y + -38. Let m be (-128)/(-12) + 2/(-3). Calculate the highest common divisor of x and m.
10
Suppose 0 = 4*o - 3*f - 5, 0*f - 20 = -5*o + f. Suppose 3*h + 150 = -3*h. Let d be h/(-3)*12/5. Calculate the greatest common factor of d and o.
5
Suppose -4*k - p = -34 + 16, 0 = 5*k - p - 27. What is the highest common divisor of 605 and k?
5
Suppose -2*z = -5*b - 16, -z - 3*b - 7 = 2*b. Let o = -2 + z. Let t be -1*(o + 0 - 20). What is the highest common divisor of 152 and t?
19
Suppose -g = 4*g. Suppose g*w = d + w - 3, -2*w = -d + 9. Suppose -218 = -4*s - 18. Calculate the highest common divisor of d and s.
5
Suppose 2*r - 4 = -0. Suppose a + 5*q = 0, a - r*q = -a. Suppose 5*p = -5*k + 340, 5*p + a*k = k + 352. Calculate the greatest common divisor of 28 and p.
14
Let h be (-2)/((-1 + 0)*-1). Let u be (-3076)/(-10) + h/(-5). Let v be (-13719)/(-391) + (-2)/23 - 7. Calculate the highest common divisor of u and v.
28
Let l = -3657 - -3674. Suppose 42 = h - 26. Calculate the greatest common divisor of h and l.
17
Let a = 559 + -536. Calculate the highest common divisor of a and 1.
1
Let h(u) = u**3 + 10*u**2 - 3*u - 16. Let j be h(-7). What is the highest common factor of 19 and j?
19
Suppose 4*y - 2 = 3*l, 6*l = l - y + 12. Let a be l/(-8) + (-84)/(-16). Calculate the greatest common divisor of a and 55.
5
Let n(i) = -53*i + 1270. Let b be n(0). Calculate the greatest common divisor of 20 and b.
10
Let b be (324/48)/(4/16). What is the greatest common factor of 117 and b?
9
Let w = -150 + 81. Let h be (-2)/(-8) + w/(-12). Let y be h*6*(-4)/(-6). What is the highest common factor of y and 192?
24
Suppose -22 = -13*o + 251. Let h be -2 + (-2 - -235) + 0. What is the highest common factor of h and o?
21
Let r(d) = d**3 - 8*d**2 + 2*d - 8. Let a be r(8). Let o be a/(-4) + 30 + 2. Let p be (17 + -14)/(2/10). Calculate the highest common factor of o and p.
15
Let h(t) = 4*t**2 - 5*t - 4. Let j be h(4). Let x = -21 + j. What is the highest common factor of x and 133?
19
Let q be -345*(-10)/(300/18). Calculate the highest common factor of q and 18.
9
Suppose 4*o = 578 - 206. Let a = o + -41. Calculate the highest common factor of a and 13.
13
Let n = 52 - 16. Let s(o) = 289*o**2 - 1. Let p be s(-1). Calculate the highest common factor of p and n.
36
Let j(n) = n + 17. Let l be j(-10). Let m be (3 + l)*(-15)/(-6). Calculate the highest common divisor of m and 125.
25
Let k be 1/7*4 - 888/(-14). Let f = -56 + k. What is the greatest common divisor of f and 20?
4
Suppose -3*f + 6 = -0*f. Suppose c = -c + 6. Let v be f/c + (-326)/(-6). Calculate the greatest common divisor of 11 and v.
11
Let g = -2 + 4. Let z(x) = -x**2 - 2*x + 37. Let f be z(5). Let j be f + (-106)/(g/(-2)). What is the greatest common divisor of j and 12?
12
Let l(s) = 2*s + 2*s**2 - 4 - 4*s - 6*s. Let r be l(6). Let o = 1069 - 1049. Calculate the highest common factor of o and r.
20
Suppose -l + 2*l + 2*r - 22 = 0, 4*r = 2*l - 68. Calculate the greatest common factor of l and 56.
28
Let y be (470/(-47))/(10/(-8)). Calculate the highest common divisor of y and 36.
4
Suppose 0 = -4*i + 4*c + 8, 32*i - 31*i + 3*c - 10 = 0. Calculate the highest common factor of 106 and i.
2
Let w(m) = m**2 + m - 4. Let y be w(-3). Suppose 3*s + 4*d = 25 + 9, y*s - 4*d = 16. What is the greatest common divisor of 20 and s?
10
Let c = -14 + 30. Suppose 28 = 2*q - 3*q - 3*v, -4*v = c. Let h = q - -31. What is the greatest common factor of 30 and h?
15
Suppose 8 = k - f, -3*k + 0*f = 5*f + 8. Suppose 0 = -2*g - k*u + 74, 5*g - 104 - 129 = 2*u. What is the highest common divisor of 105 and g?
15
Let q be ((-12)/(-3) - -3) + (-5222)/(-14). Calculate the greatest common factor of 456 and q.
76
Let z(i) = 4*i - 2. Let p be z(2). Let u(g) = 3*g - 17. Let f be u(p). What is the highest common factor of f and 2?
1
Let n = 797 + -423. Let y(p) = p**3 - 5*p**2 + 6*p + 4. Let i be y(5). Calculate the greatest common divisor of i and n.
34
Let p be 3328/32 + (-6 - -1). Calculate the highest common factor of 18 and p.
9
Suppose 0 = -5*d - 2*c + 180, -3*d - 5*c + 107 = -20. What is the highest common divisor of d and 153?
17
Let w(g) = g**2 - g. Let i = 8 - 7. Let v be w(i). Suppose a - 25 - 5 = v. Calculate the greatest common factor of 12 and a.
6
Suppose -23*v + 1512 = -5*v. Suppose -4*c - 52 = 2*t, -4*t - 91 = -4*c - c. Let q = t + 36. Calculate the highest common factor of v and q.
12
Suppose v - 5*f - 30 = -0*f, 0 = 2*v + 4*f - 4. Suppose -3*g + 3*z + 75 = 0, -10 = -3*g + z + 65. Calculate the greatest common factor of v and g.
5
Let b = -615 - -621. What is the greatest common factor of b and 942?
6
Let v be -1 + (-4)/(-7) - 4942/(-98). Calculate the highest common factor of v and 350.
50
Let b be (-4830)/36 + 2/12. Let r be b/(-10) + (-12)/(-20). What is the highest common factor of 35 and r?
7
Let t = 344 + -329. Let a(y) = -y**3 + 3*y + 3. Let q be a(-2). Calculate the highest common factor of t and q.
5
Suppose 2*n = 4*f + 34, n - 2*f + f = 17. Calculate the highest common factor of n and 102.
17
Suppose -3*a - 774 + 1806 = 0. What is the greatest common divisor of a and 8?
8
Suppose -6*q - 10 = -q - 5*p, 3*p - 18 = -q. Let x be (10/q)/((-8)/48). Let y = x - -28. What is the highest common factor of 32 and y?
8
Suppose 1159 + 1393 = 11*p. What is the highest common divisor of 58 and p?
58
Let i be 1 - (-3 + 0) - (-7 - -2). Calculate the greatest common factor of i and 12.
3
Let k = -266 + 274. What is the greatest common factor of 24 and k?
8
Let f = 276 - 247. What is the greatest common factor of f and 1?
1
Let w = 1767 + -1739. What is the highest common divisor of w and 7?
7
Let i(v) = 118*v - 158 - 111*v + 2*v**3 - 6*v**2 + 161. Suppose -3*y + 4 = -2*y. Let b be i(y). Calculate the highest common divisor of b and 9.
9
Let z = -540 - -1026. What is the greatest common divisor of z and 18?
18
Let l be (3 - 70/22) + 11450/55. What is the greatest common factor of 364 and l?
52
Let t(r) = r**3 + 6*r**2 - 2*r - 1. Let y be t(-6). Suppose 25 = 56*j - 197*j + 166. What is the highest common divisor of j and y?
1
Suppose -32*n + 27*n - 3*z + 165 = 0, 3*z = -n + 21. Let d = 14 + 4. Calculate the highest common factor of n and d.
18
Let m(n) = -7*n + 70. Let v be m(9). What is the highest common divisor of v and 49?
7
Suppose -b = j - 18, -44 = -3*j - 2*b + 10. Suppose -5*p + 4*c = -258, 3*p - c + 47 - 206 = 0. What is the highest common factor of p and j?
18
Suppose 4*z - 66 = -2*g, -5*g - 4*z = -69 - 102. What is the greatest common divisor of 21 and g?
7
Suppose -4*y = -3*f + 512, 128 = f - 4*y - 56. What is the greatest common factor of f and 451?
41
Let v = 107 + -52. Let u(c) = c**3 + 14*c**2 + c + 19. Let x be u(-14). What is the greatest common divisor of v and x?
5
Suppose -19*r + 2051 = -1787. Calculate the greatest common divisor of 909 and r.
101
Suppose 9*j + 63 = 3*w + 12*j, 5*w + j = 93. Calculate the highest common factor of w and 9.
9
Let t be -4 - -4 - (-74 - (-4 - -2)). What is the highest common divisor of t and 48?
24
Let v(t) = 10*t**2 + 71*t - 17. Let r be v(-9). Calculate the highest common factor of 693 and r.
77
Suppose -320 = 3*x + 4*a, -2*x - 2*a - 410 = 2*x. Let q be (12/(-18))/(4/1194). Let k = x - q. Calculate the greatest common divisor of k and 11.
11
Suppose -50*j + 3456 = -2*